{"id":6743,"date":"2025-05-29T10:27:25","date_gmt":"2025-05-29T08:27:25","guid":{"rendered":"https:\/\/lowarka.pl\/nowa\/?page_id=6743"},"modified":"2025-05-29T10:38:11","modified_gmt":"2025-05-29T08:38:11","slug":"historia-liceum","status":"publish","type":"page","link":"https:\/\/lowarka.pl\/nowa\/historia-liceum\/","title":{"rendered":"Historia Liceum"},"content":{"rendered":"\n<p>Z okazji 75 \u2013 lecia naszego Liceum Og\u00f3lnokszta\u0142c\u0105cego im. Piotra Wysockiego uczniowie klasy 2D pod opiek\u0105 nauczycielki Teresy Ciak wykonali projekt \u201e\u201eMoja szko\u0142a na przestrzeni 75 lat\u201d. W ramach projektu wykonano prezentacje ilustruj\u0105ce \u017cycie szko\u0142y w kolejnych latach.<\/p>\n\n\n\n<p>\u017byczymy mi\u0142ych wspomnie\u0144.<\/p>\n\n\n\n<figure class=\"wp-block-table\"><table class=\"has-fixed-layout\"><tbody><tr><td><a href=\"https:\/\/1drv.ms\/p\/c\/581cea70642b788e\/EaV66fXM3hJAhGfawfKaatgB8UNGqih6RRpqfKWW3djHSg\" data-type=\"link\" data-id=\"https:\/\/1drv.ms\/p\/c\/581cea70642b788e\/EaV66fXM3hJAhGfawfKaatgB8UNGqih6RRpqfKWW3djHSg\">Lata 1950-1965<\/a><\/td><td><a href=\"https:\/\/www.canva.com\/design\/DAGoM-AEnDo\/0xoSfVqXS3MbdpRNssuoIg\/edit?utm_content=DAGoM-AEnDo&amp;utm_campaign=designshare&amp;utm_medium=link2&amp;utm_source=sharebutton\" data-type=\"link\" data-id=\"https:\/\/www.canva.com\/design\/DAGoM-AEnDo\/0xoSfVqXS3MbdpRNssuoIg\/edit?utm_content=DAGoM-AEnDo&amp;utm_campaign=designshare&amp;utm_medium=link2&amp;utm_source=sharebutton\">Lata 1966-1980<\/a><\/td><td><a href=\"https:\/\/www.canva.com\/design\/DAGWWBYULnY\/smjSkIJlT5eR6Mkf3-Pvrg\/edit?utm_content=DAGWWBYULnY&amp;utm_campaign=designshare&amp;utm_medium=link2&amp;utm_source=sharebutton\" data-type=\"link\" data-id=\"https:\/\/www.canva.com\/design\/DAGWWBYULnY\/smjSkIJlT5eR6Mkf3-Pvrg\/edit?utm_content=DAGWWBYULnY&amp;utm_campaign=designshare&amp;utm_medium=link2&amp;utm_source=sharebutton\">Lata 1981-1995<\/a><\/td><td><a href=\"https:\/\/www.canva.com\/design\/DAGShNhwbBU\/dvIF20RAg0pB2YGiBXcU5g\/edit?utm_content=DAGShNhwbBU&amp;utm_campaign=designshare&amp;utm_medium=link2&amp;utm_source=sharebutton\" data-type=\"link\" data-id=\"https:\/\/www.canva.com\/design\/DAGShNhwbBU\/dvIF20RAg0pB2YGiBXcU5g\/edit?utm_content=DAGShNhwbBU&amp;utm_campaign=designshare&amp;utm_medium=link2&amp;utm_source=sharebutton\">Lata 1996-2010<\/a><\/td><td><a href=\"https:\/\/drive.google.com\/file\/d\/1NF3VJ3AhP9tffd6xWpl-UOFq-JHBteXF\/view?usp=drivesdk\" data-type=\"link\" data-id=\"https:\/\/drive.google.com\/file\/d\/1NF3VJ3AhP9tffd6xWpl-UOFq-JHBteXF\/view?usp=drivesdk\">Lata 2011-2025<\/a><\/td><\/tr><\/tbody><\/table><\/figure>\n\n\n\n<p><\/p>\n","protected":false},"excerpt":{"rendered":"<p>Z okazji 75 \u2013 lecia naszego Liceum Og\u00f3lnokszta\u0142c\u0105cego im. Piotra Wysockiego uczniowie klasy 2D pod opiek\u0105 nauczycielki Teresy Ciak wykonali projekt \u201e\u201eMoja szko\u0142a na przestrzeni 75 lat\u201d. W ramach projektu wykonano prezentacje ilustruj\u0105ce \u017cycie szko\u0142y w kolejnych latach. \u017byczymy mi\u0142ych wspomnie\u0144. Lata 1950-1965 Lata 1966-1980 Lata 1981-1995 Lata 1996-2010 Lata 2011-2025<\/p>\n","protected":false},"author":10,"featured_media":0,"parent":0,"menu_order":0,"comment_status":"closed","ping_status":"closed","template":"","meta":{"footnotes":""},"class_list":["post-6743","page","type-page","status-publish","hentry"],"_links":{"self":[{"href":"https:\/\/lowarka.pl\/nowa\/wp-json\/wp\/v2\/pages\/6743","targetHints":{"allow":["GET"]}}],"collection":[{"href":"https:\/\/lowarka.pl\/nowa\/wp-json\/wp\/v2\/pages"}],"about":[{"href":"https:\/\/lowarka.pl\/nowa\/wp-json\/wp\/v2\/types\/page"}],"author":[{"embeddable":true,"href":"https:\/\/lowarka.pl\/nowa\/wp-json\/wp\/v2\/users\/10"}],"replies":[{"embeddable":true,"href":"https:\/\/lowarka.pl\/nowa\/wp-json\/wp\/v2\/comments?post=6743"}],"version-history":[{"count":5,"href":"https:\/\/lowarka.pl\/nowa\/wp-json\/wp\/v2\/pages\/6743\/revisions"}],"predecessor-version":[{"id":6753,"href":"https:\/\/lowarka.pl\/nowa\/wp-json\/wp\/v2\/pages\/6743\/revisions\/6753"}],"wp:attachment":[{"href":"https:\/\/lowarka.pl\/nowa\/wp-json\/wp\/v2\/media?parent=6743"}],"curies":[{"name":"wp","href":"https:\/\/api.w.org\/{rel}","templated":true}]}}