{"id":101,"date":"2022-03-19T17:49:05","date_gmt":"2022-03-19T16:49:05","guid":{"rendered":"http:\/\/lowarka.pl\/nowa\/?page_id=101"},"modified":"2026-02-02T14:07:32","modified_gmt":"2026-02-02T13:07:32","slug":"pedagog-psycholog","status":"publish","type":"page","link":"https:\/\/lowarka.pl\/nowa\/pedagog-psycholog\/","title":{"rendered":"Pedagog\/Psycholog"},"content":{"rendered":"\n<h4 class=\"wp-block-heading has-background\" style=\"background-color:#eff3f9;font-style:normal;font-weight:900\">PEDAGOG<\/h4>\n\n\n\n<p>Joanna Le\u015bnowolska<\/p>\n\n\n\n<hr class=\"wp-block-separator has-css-opacity\"\/>\n\n\n\n<p class=\"has-text-align-center\"><strong>Godziny pracy pedagoga w roku szkolnym 2025\/2026<\/strong><\/p>\n\n\n\n<p class=\"has-text-align-center\">Poniedzia\u0142ek:                                               12:30 &#8211; 16:15<\/p>\n\n\n\n<p class=\"has-text-align-center\">Wtorek:                                                          8:00 &#8211; 11:30<\/p>\n\n\n\n<p class=\"has-text-align-center\">\u015aroda:                                                          12:30 &#8211; 16:15<\/p>\n\n\n\n<p class=\"has-text-align-center\">Czwartek:                                                       8:00 &#8211; 11:00<\/p>\n\n\n\n<hr class=\"wp-block-separator has-css-opacity\"\/>\n\n\n\n<h4 class=\"wp-block-heading has-background\" style=\"background-color:#eff3f9;font-style:normal;font-weight:900\">PSYCHOLOG<\/h4>\n\n\n\n<p>Adriana Piekarska-Sobieraj<\/p>\n\n\n\n<hr class=\"wp-block-separator has-css-opacity\"\/>\n\n\n\n<p class=\"has-text-align-center\"><strong>Godziny pracy psychologa w roku szkolnym 2025\/2026<\/strong><\/p>\n\n\n\n<p class=\"has-text-align-center\">Poniedzia\u0142ek:                                                    8:00 &#8211; 12:00<\/p>\n\n\n\n<p class=\"has-text-align-center\">Wtorek:                                                             9:45 &#8211; 15:00<\/p>\n\n\n\n<p class=\"has-text-align-center\">\u015aroda:                                                               8:00 &#8211; 11:30<\/p>\n\n\n\n<p class=\"has-text-align-center\">Czwartek:                                                         9:45 &#8211; 15:00<\/p>\n\n\n\n<p class=\"has-text-align-center\">Pi\u0105tek:                                                              8:00 &#8211; 12:00<\/p>\n\n\n\n<hr class=\"wp-block-separator has-css-opacity\"\/>\n\n\n\n<h4 class=\"wp-block-heading has-background\" style=\"background-color:#eff3f9;font-style:normal;font-weight:900\"><\/h4>\n\n\n\n<p><\/p>\n\n\n\n<hr class=\"wp-block-separator has-css-opacity\"\/>\n\n\n\n<p><\/p>\n","protected":false},"excerpt":{"rendered":"<p>PEDAGOG Joanna Le\u015bnowolska Godziny pracy pedagoga w roku szkolnym 2025\/2026 Poniedzia\u0142ek: 12:30 &#8211; 16:15 Wtorek: 8:00 &#8211; 11:30 \u015aroda: 12:30 &#8211; 16:15 Czwartek: 8:00 &#8211; 11:00 PSYCHOLOG Adriana Piekarska-Sobieraj Godziny pracy psychologa w roku szkolnym 2025\/2026 Poniedzia\u0142ek: 8:00 &#8211; 12:00 Wtorek: 9:45 &#8211; 15:00 \u015aroda: 8:00 &#8211; 11:30 Czwartek: 9:45 &#8211; 15:00 Pi\u0105tek: 8:00 [&hellip;]<\/p>\n","protected":false},"author":1,"featured_media":0,"parent":0,"menu_order":0,"comment_status":"closed","ping_status":"closed","template":"template-builder.php","meta":{"footnotes":""},"class_list":["post-101","page","type-page","status-publish","hentry"],"_links":{"self":[{"href":"https:\/\/lowarka.pl\/nowa\/wp-json\/wp\/v2\/pages\/101","targetHints":{"allow":["GET"]}}],"collection":[{"href":"https:\/\/lowarka.pl\/nowa\/wp-json\/wp\/v2\/pages"}],"about":[{"href":"https:\/\/lowarka.pl\/nowa\/wp-json\/wp\/v2\/types\/page"}],"author":[{"embeddable":true,"href":"https:\/\/lowarka.pl\/nowa\/wp-json\/wp\/v2\/users\/1"}],"replies":[{"embeddable":true,"href":"https:\/\/lowarka.pl\/nowa\/wp-json\/wp\/v2\/comments?post=101"}],"version-history":[{"count":69,"href":"https:\/\/lowarka.pl\/nowa\/wp-json\/wp\/v2\/pages\/101\/revisions"}],"predecessor-version":[{"id":7231,"href":"https:\/\/lowarka.pl\/nowa\/wp-json\/wp\/v2\/pages\/101\/revisions\/7231"}],"wp:attachment":[{"href":"https:\/\/lowarka.pl\/nowa\/wp-json\/wp\/v2\/media?parent=101"}],"curies":[{"name":"wp","href":"https:\/\/api.w.org\/{rel}","templated":true}]}}